hat are the prime factors of p(3)?
151
Let r(k) = -k**3 - 12*k**2 + 12*k - 10. Let u be r(-13). Suppose u*i + 4*m + 37 = 170, -3*i + m + 143 = 0. List the prime factors of i.
47
Let m = 12 - 4. Suppose 3*q - m*q = -175. What are the prime factors of q?
5, 7
Let d(y) = -y**2 - 9*y + 16. What are the prime factors of d(-9)?
2
Let v(m) = m**3 + m**2 - 2*m - 3. Let x be -2*(-1)/(4/6). List the prime factors of v(x).
3
Suppose -4*y - 5*m = -722, -2*y + 909 = 3*y + 3*m. What are the prime factors of y?
3, 61
Let x be (-1)/(-2) - (-268)/8. Suppose 86 + x = 5*r. List the prime factors of r.
2, 3
Suppose 4*p + 178 = 2*x, 0*p + 2*p = -4*x + 346. Let j be 1/4 - x/12. List the prime factors of 1/1 + (4 - j).
2, 3
Let v be (-6)/(-24) + 19/4. Let w(l) = -l**2 + 6*l + 1. What are the prime factors of w(v)?
2, 3
Suppose 3*h + 2*w + 10 = 0, -2*h + 4*w - 1 = -5. Let k(d) = 3*d**2 + 4*d + 3. List the prime factors of k(h).
7
Suppose 4*p - 62 = -6. Suppose 0*s = -s + p. Suppose r - s + 58 = 5*k, 0 = 5*k + r - 46. What are the prime factors of k?
3
Suppose 0 = -5*v - 58 - 107. Let n = 79 + v. What are the prime factors of n?
2, 23
Suppose -d + a = -12, 2*d - 3*a - 25 = -2*a. List the prime factors of d.
13
Suppose 0 = 20*u - 17*u - 270. What are the prime factors of u?
2, 3, 5
Let x(t) = 5*t**2 - t + 5*t - 4 - t - t. List the prime factors of x(3).
47
Let i = -32 - -48. Suppose a + i = -5*s, -4*a + 9 + 42 = -3*s. What are the prime factors of a?
3
What are the prime factors of (0 + -2)/(1842/(-366) - -5)?
61
Suppose 0*k = k. Suppose -5*f + 5*o + 70 = k, 2*f - 4*o - 35 = -9*o. Let t = -4 + f. What are the prime factors of t?
11
Let u = -27 - -31. Suppose -17 = -u*h + 15. What are the prime factors of h?
2
Suppose 2*n + 20 = 7*n. List the prime factors of n.
2
Let a(i) = -7*i**2 - 14*i + 4. Let v(u) = -20*u**2 - 41*u + 11. Let l(t) = -17*a(t) + 6*v(t). What are the prime factors of l(-7)?
5
Let n = -35 + 25. Let v = n - -31. What are the prime factors of v?
3, 7
Suppose -2*c = 50 + 8. Let s = c + 55. List the prime factors of s.
2, 13
Let t = 2 - 2. Suppose t = -5*m + 2*m - 3. What are the prime factors of m/3*(-23 + 2)?
7
Let j(u) = 4*u - 2. What are the prime factors of j(14)?
2, 3
Suppose 0 = 11*i - 20*i + 1728. What are the prime factors of i?
2, 3
Suppose -6*c + 439 = -c + l, -4*c + 354 = -2*l. What are the prime factors of c?
2, 11
Let r(v) = v - 2. Let a be r(2). Suppose q = -a*q. Suppose -n + 20 = 5*g, q = -5*g + 5. What are the prime factors of n?
3, 5
Let l be (-6)/9 + (-182)/(-3). Suppose -5*c + 72 = h, h = 3*c - 4*h - l. What are the prime factors of c?
3, 5
Suppose -3*m + 56 = -220. List the prime factors of m.
2, 23
Suppose 1 = -p + 3*r, 2*p + 3*r + 9 = 2*r. Let b = p + -2. List the prime factors of (-22)/(-3) - (-2)/b.
7
Suppose -4*x = 5*k - 12 + 3, -2*k = x - 3. Let w be 1/2*(-2)/x. Let v(l) = -3*l**3 - 2*l**2 + 1. List the prime factors of v(w).
2
Let w = -30 - -36. List the prime factors of w.
2, 3
Let b be (-2)/5 + 906/15. Suppose -4*t = 24 - b. What are the prime factors of t?
3
Suppose -3*r + w + 83 = 0, 2*r - 5*w - 51 = r. List the prime factors of r.
2, 13
Let l(p) = p**2 - 2*p - 4. Let v = -5 + 8. Let s be l(v). List the prime factors of (-33)/(-3)*(2 + s).
11
Suppose 1784 = 4*z + 4*z. What are the prime factors of z?
223
Suppose 29 = u - 4*t, -5*t + 68 = -4*u + 228. What are the prime factors of u?
3, 5
Suppose -3*d + 9 = 2*w + w, -d = -w + 7. Suppose 0 = -w*g + 68 - 23. List the prime factors of g.
3
Suppose 7*q - 793 = -338. What are the prime factors of q?
5, 13
Suppose u = 14 + 1. What are the prime factors of (2 + 0 - 4) + u?
13
Suppose 2*x + 13 = x. Let w be 2*(60/8 + 4). Let p = w + x. What are the prime factors of p?
2, 5
Let l = 10 + -6. Let h = l + 5. What are the prime factors of h?
3
Let g = 4 - 2. Suppose -63 = -5*r - 3*z, 3*r - g*z - 30 - 4 = 0. List the prime factors of r.
2, 3
Suppose 4*a - 6*q + q + 81 = 0, 3*a + 22 = -4*q. Let n = 57 + a. What are the prime factors of n?
43
Let d be ((-1)/(-3))/((-5)/(-15)). Suppose 0 = 2*x - h - 6 - d, -4*h + 12 = 2*x. Suppose 24 = 4*b - x*a, -4*b - b - a = -60. What are the prime factors of b?
11
Let l = 12 + -11. Let z(c) = 24*c + 1. List the prime factors of z(l).
5
Suppose -3*l - 4*g = -131, -g = 2 - 1. List the prime factors of l.
3, 5
Let d(o) = o**2 + 3*o + 9. List the prime factors of d(-6).
3
List the prime factors of (-89)/(3 - 2 - 2).
89
Let v = -32 + 50. What are the prime factors of v?
2, 3
Let p(i) = i**2 + 8*i + 9. Let t be p(-6). List the prime factors of (t - 24)*(-3 - -2).
3
Suppose -5*m + a + 3*a + 1580 = 0, 5*a = 0. List the prime factors of m.
2, 79
Let w = -30 + 57. List the prime factors of w.
3
Let h(t) = -t**3 + 3*t**2 - 2*t + 6. Let x be h(4). Let f = 32 + x. List the prime factors of f.
2, 7
Let w(j) = -j - 11. Let b(h) = -h - 10. Let l(x) = -3*b(x) + 2*w(x). Let d be l(-6). Let f = 6 - d. What are the prime factors of f?
2
What are the prime factors of 53 - 6/(-3)*2?
3, 19
Let k(t) be the second derivative of t**5/10 - t**3/6 + t**2/2 + t. Let z(r) be the first derivative of k(r). What are the prime factors of z(1)?
5
Let y(d) = -d**3 - 7*d**2 + 35*d - 6. List the prime factors of y(-11).
3, 31
Let j = 3 + 0. What are the prime factors of 1/j - (-130)/6?
2, 11
Suppose 0 = -13*d + 11*d + 488. List the prime factors of d.
2, 61
Suppose 4*m = l + 12, -5*m = 2*l - 2*m - 31. Let v = -8 + l. Suppose 0 = i - 6 - v. What are the prime factors of i?
2, 3
Let j be (2 + 3/(-1))*-5. Suppose 0*l + 40 = 4*l. Suppose 0 = -j*w + 4*d + l + 67, 5*w - 3*d - 79 = 0. List the prime factors of w.
17
Suppose u - 27 = 16. What are the prime factors of u?
43
Let j(u) = 7*u + 1. Let l be j(-1). What are the prime factors of (-4)/l*(6 - 3)?
2
What are the prime factors of (-440)/6*6/(-4)?
2, 5, 11
Let q(g) = g**3 - 15*g**2 + 18*g + 7. List the prime factors of q(14).
3, 7
Let i(u) be the third derivative of u**5/60 - u**4/4 + u**3/2 - u**2. List the prime factors of i(7).
2, 5
List the prime factors of (-1 + 4)/(24/224).
2, 7
Suppose 159 = 4*h - 3*s - 216, -h + s + 94 = 0. What are the prime factors of h?
3, 31
Let s(r) = 14*r**3 - 2*r - 1. Let f be s(-1). List the prime factors of (-1)/(-2)*-4 - f.
11
Let l be (-3 - 0)/(-1) - -1. Let j be l/14 - 696/(-14). List the prime factors of j/12 - 2/12.
2
Let h(s) = -s - 14 + 6 - 4*s + 5. Let a be 3/(-2)*6/3. What are the prime factors of h(a)?
2, 3
Suppose 0 = 4*l - 8, -5*z = 3*l + l - 583. What are the prime factors of z?
5, 23
Let z(y) = -y**2 - 8*y + 2. Suppose -9*x + 6*x - 24 = 0. What are the prime factors of z(x)?
2
Let p be (-11)/44 - 69/(-4). Let q = p + 2. What are the prime factors of q?
19
Suppose 5*r = -3*d + 8, -4*r = -r + 6. Let s = -10 + d. Let h = s - -14. What are the prime factors of h?
2, 5
Let f(o) = -3*o + 6. Let p(h) = 4*h**2 + h - 1. Let y be p(1). Let g be f(y). Let a = -3 - g. List the prime factors of a.
3
Suppose 0 = 5*m - 9 - 6. Let w(l) = 3*l**2 - 2*l - 1. List the prime factors of w(m).
2, 5
Let v(j) = j**3 + 14*j**2 - 15*j + 19. Let a(y) = -2*y + 15. Let k be a(15). What are the prime factors of v(k)?
19
Suppose -3*y + y - w = -142, -4*y + 5*w = -284. List the prime factors of y.
71
Let r(f) = -f + 13. Let o = -21 + 6. List the prime factors of r(o).
2, 7
Suppose 43 = w + 8. List the prime factors of w.
5, 7
Let m(a) = a + 10. Let p = 8 + -6. Let u be p/((-4)/14)*1. What are the prime factors of m(u)?
3
Suppose -10*i = -14*i + 180. What are the prime factors of i?
3, 5
Suppose -7 = -d - y, y + y = 5*d - 49. Let p = d + -4. What are the prime factors of p?
5
Suppose -28 = -3*a + 5*s, -5*a - 4*s + 54 = -5*s. List the prime factors of a.
11
Let x be (8/10)/((-1)/(-30)). Suppose -5*b + x + 11 = 0. List the prime factors of b.
7
Let b(y) = y**2 - 5*y + 5. What are the prime factors of b(5)?
5
Suppose 29 = -29*z + 30*z. List the prime factors of z.
29
Let u be (-21)/(-3)*2/7. List the prime factors of 10 + u/(-3)*-3.
2, 3
Let o(h) = 4*h - 1. Let l be o(1). Let s = l + 1. Suppose 0 = 2*m - 22 + s. List the prime factors of m.
3
Suppose 2*y = -y. Let i be (-2)/(-2)*(y + 0). Suppose -4*a + 35 + 9 = i. What are the prime factors of a?
11
Let u(q) = -25*q - 23. What are the prime factors of u(-7)?
2, 19
Suppose 6*x = 2*x